0452739 a composite number?
True
Is 5716687579 a prime number?
True
Is 1045089679 a composite number?
True
Is 1542526243 composite?
False
Is 55573421227 composite?
False
Is 1840303343 a composite number?
True
Is 235343539 a composite number?
True
Is 659345993 prime?
True
Is 16598557067 prime?
False
Is 2310262033 a prime number?
True
Is 11085194 a prime number?
False
Is 6513514583 a prime number?
False
Is 382006213 prime?
True
Is 1442624969 a prime number?
True
Is 1956844453 composite?
True
Is 1856832409 composite?
True
Is 76255282631 a composite number?
True
Is 11296748311 prime?
False
Is 1627386218 prime?
False
Is 2095038313 composite?
False
Is 396535199 composite?
False
Is 1955389273 a composite number?
False
Is 6643816077 prime?
False
Is 19589600027 composite?
True
Is 5858193389 composite?
True
Is 13673182877 a prime number?
True
Is 9042523999 a composite number?
False
Is 214275713 a composite number?
False
Is 12659016683 a prime number?
False
Is 719915437 a composite number?
False
Is 5198777 composite?
True
Is 2373097141 a prime number?
True
Is 2504423111 composite?
False
Is 619651447 a prime number?
True
Is 7395585227 a composite number?
False
Is 76216378141 a composite number?
True
Is 274282927 a composite number?
False
Is 16234482819 prime?
False
Is 11584697794 composite?
True
Is 942858563 a prime number?
False
Is 1116051883 prime?
True
Is 221582429 prime?
True
Is 357591757 a composite number?
False
Is 7176743177 prime?
False
Is 55918726859 prime?
True
Is 47176379 a composite number?
False
Is 496623797 a prime number?
False
Is 2367379279 a prime number?
True
Is 8057118029 composite?
False
Is 5525800781 prime?
True
Is 222943333 a composite number?
True
Is 916822763 prime?
True
Is 257297869 composite?
False
Is 28730383603 a composite number?
False
Is 1240430033 prime?
False
Is 2893953077 a composite number?
True
Is 214639735 a prime number?
False
Is 980757809 prime?
False
Is 29456700761 composite?
False
Is 1077765109 a composite number?
False
Is 1387052057 composite?
False
Is 24060169127 a composite number?
False
Is 121676786113 prime?
True
Is 1245611767 a composite number?
True
Is 179698021403 prime?
True
Is 180147787 composite?
True
Is 9113034787 prime?
True
Is 1616035693 a composite number?
False
Is 45660072454 a prime number?
False
Is 152836501 a composite number?
False
Is 525300665 a prime number?
False
Is 6588226169 prime?
False
Is 53795441807 prime?
False
Is 10943851717 prime?
False
Is 30824774713 prime?
False
Is 677545801 composite?
False
Is 3100042567 prime?
False
Is 2354332109 a prime number?
True
Is 2665655479 prime?
True
Is 766897553 composite?
True
Is 532006613 prime?
True
Is 44863060999 prime?
True
Is 360607843 a composite number?
False
Is 3770386177 prime?
True
Is 233847762821 a composite number?
False
Is 272289785 a composite number?
True
Is 21450311173 a composite number?
False
Is 592400027 composite?
True
Is 3620449834 a prime number?
False
Is 157275919 prime?
True
Is 13002836537 prime?
False
Is 612742961 a composite number?
True
Is 374866993 a prime number?
True
Is 624099043 a prime number?
False
Is 8527023151 composite?
True
Is 455537867 prime?
False
Is 1651262831 prime?
True
Is 6366297073 a composite number?
True
Is 4938965359 a prime number?
True
Is 750775217 a prime number?
True
Is 36999358478 composite?
True
Is 6259740649 a composite number?
False
Is 1552009819 prime?
False
Is 28496146897 composite?
True
Is 3380348639 prime?
False
Is 17452585 composite?
True
Is 35033838341 a composite number?
False
Is 39256167549 a prime number?
False
Is 2205428699 a composite number?
False
Is 276000587 composite?
True
Is 6602852897 a composite number?
False
Is 6296864389 a prime number?
False
Is 95030511 a composite number?
True
Is 31463249827 a composite number?
False
Is 1577418527 composite?
False
Is 6149543 composite?
False
Is 62472038029 a composite number?
False
Is 43739547029 composite?
False
Is 571403401 composite?
True
Is 8320253383 prime?
False
Is 19293041369 composite?
True
Is 86024069 prime?
True
Is 9694680917 a prime number?
True
Is 2762894419 prime?
True
Is 2575316833 composite?
False
Is 5164626889 a composite number?
False
Is 31947697 a prime number?
False
Is 133359913 a prime number?
False
Is 57140160703 a composite number?
False
Is 19794170681 a prime number?
True
Is 870985543 a composite number?
False
Is 48510421339 a prime number?
True
Is 9676596907 a composite number?
True
Is 945113441 prime?
False
Is 4730977499 a prime number?
True
Is 127808350361 prime?
True
Is 782584351 prime?
True
Is 26456027947 a composite number?
True
Is 168729371 prime?
False
Is 35648757319 composite?
True
Is 76512550549 prime?
False
Is 539382959 a prime number?
False
Is 35878375517 composite?
False
Is 84795830597 prime?
False
Is 180959843 composite?
True
Is 19094768193 composite?
True
Is 2321019541 a prime number?
True
Is 2570681909 a composite number?
True
Is 1870156319 a prime number?
True
Is 9085151239 a prime number?
False
Is 7887835983 prime?
False
Is 807602251 a prime number?
False
Is 534242281 a prime number?
True
Is 98792857363 a composite number?
False
Is 25912860943 prime?
True
Is 7505633203 composite?
False
Is 5941905826 composite?
True
Is 3563618909 composite?
False
Is 82348960867 a prime number?
False
Is 9658828469 a composite number?
False
Is 683260499 prime?
False
Is 658390589 a composite number?
False
Is 3288321142 composite?
True
Is 141326879 composite?
False
Is 9941384939 composite?
False
Is 3324317369 composite?
True
Is 1717340993 a prime number?
False
Is 11750056427 composite?
False
Is 32677602697 composite?
False
Is 1890396359 prime?
True
Is 997092767 prime?
False
Is 55010352797 prime?
False
Is 12062223683 composite?
True
Is 33420586139 a composite number?
False
Is 116023123 composite?
True
Is 22475413891 prime?
False
Is 9891669251 composite?
True
Is 29306660611 prime?
True
Is 170146254227 a prime number?
False
Is 23196920387 composite?
False
Is 29681727169 a composite number?
True
Is 5934982637 composite?
True
Is 9465727489 prime?
True
Is 9773496043 prime?
True
Is 3069641339 composite?
True
Is 264341219 prime?
True
Is 2285813359 prime?
True
Is 422193841 a composite number?
False
Is 157655461 prime?
True
Is 508972643 prime?
True
Is 2477492191 a prime number?
True
Is 686204537 prime?
True
Is 77384831 prime?
True
Is 6008863087 prime?
False
Is 1044722479 a composite number?
False
Is 18747840593 composite?
False
Is 34031842777 composite?
True
Is 30189397393 a composite number?
True
Is 3688109849 composite?
True
Is 7949240931 prime?
False
Is 10703645 prime?
False
Is 2332064479 a composite number?
False
Is 7339789333 composite?
False
Is 2693355079 composite?
False
Is 11853497677 composite?
True
Is 9682087193 composite?
False
Is 599025529 composite?
False
Is 3207624949 composite?
False
Is 2577165043 composite?
False
Is 36562024753 a composite number?
True
Is 15573054209 composite?
True
Is 9589107041 composite?
False
Is 22589742841 a prime number?
True
Is 17223798983 a composite number?
False
Is 791908243 a prime number?
False
Is 12208610879 a prime number?
False
Is 11136443303 a composite number?
True
Is 4514233793 a prime number?
False
Is 1090023481 a composite number?
False
Is 3450957229 a prime number?
False
Is 110318489 a composite number?
False
Is 156378140747 prime?
True
Is 3372309187 composite?
True
Is 2145422733 composite?
True
Is 22733110641 composite?
True
Is 418782619 prime?
True
Is 749370131 a composite number?
False
Is 10763506711 composite?
True
Is 2507997551 a prime number?
False
Is 2176382467 a composite number?
True
Is 26729683 a prime number?
True
Is 7490668931 prime?
True
Is 1333572853 a composite number?
False
Is 2016124657 a prime number?
True
Is 72888598807 a composite number?
False
Is 76570629661 prime?
False
Is 2535367987 a prime number?
True
Is 4690956923 composite?
False
Is 1289177831 composite?
False
Is 2031309377 a composite number?
True
Is 2289366301 composite?
True
Is 143448442337 a composite number?
True
Is 3857147831 a composite number?
False
Is 16749367 a composite number?
False
Is 4704722641 a composite number?
False
Is 5491562929 prime?
True
Is 9629036231 a composite number?
True
Is 19128814241 a composite number?
False
Is 8459910847 prime?
False
Is 4548201729 composite?
True
Is 73636